{"id":1262,"date":"2017-02-01T13:29:25","date_gmt":"2017-02-01T13:29:25","guid":{"rendered":"http:\/\/nuevo.zeng.bayco.com.uy\/?page_id=1262"},"modified":"2017-02-01T13:29:25","modified_gmt":"2017-02-01T13:29:25","slug":"calidad","status":"publish","type":"page","link":"https:\/\/zeng.com.uy\/new\/index.php\/calidad\/","title":{"rendered":"Pol\u00edtica de Calidad"},"content":{"rendered":"<p><section id=\"bt_section69fb1ecbabfe5\"  class=\"boldSection btDivider topSemiSpaced bottomSemiSpaced btDarkSkin gutter inherit wBackground cover\" style=\"background-color:#0cb8b6;background-image:url('https:\/\/zeng.com.uy\/new\/wp-content\/uploads\/2015\/12\/bgn-grad-1.png');\"><div class=\"port\"><div class=\"boldCell\"><div class=\"boldCellInner\"><div class=\"boldRow  \" ><div class=\"boldRowInner\"><div class=\"rowItem col-md-12 col-ms-12  btTextLeft animate animate-fadein animate-moveleft inherit\"  ><div class=\"rowItemContent\" ><div class=\"btClear btSeparator topExtraSmallSpaced noBorder\" ><hr><\/div><div class=\"btClear btSeparator topExtraSmallSpaced noBorder\" ><hr><\/div><header class=\"header btClear large  btNormalDash\" ><div class=\"btSuperTitle\">Zeng Laboratorio Microbiol\u00f3gico<\/div><div class=\"dash\"><h2><span class=\"headline\">POL\u00cdTICA DE CALIDAD<\/span><\/h2><\/div><\/header><\/div><\/div><\/div><\/div><\/div><\/div><\/div><\/section><section id=\"bt_section69fb1ecbac19c\"  class=\"boldSection topSpaced bottomSpaced gutter btMiddleVertical\" ><div class=\"port\"><div class=\"boldCell\"><div class=\"boldCellInner\"><div class=\"boldRow  \" ><div class=\"boldRowInner\"><div class=\"rowItem col-md-8 col-ms-12 btTextLeft animate animate-fadein animate-moveright btTopVertical\"  ><div class=\"rowItemContent\" ><div class=\"btClear btSeparator bottomSmallSpaced border\" ><hr><\/div><div class=\"btText\" ><\/p>\n<h2>MISI\u00d3N<\/h2>\n<p>Brindamos <strong>soluciones integrales<\/strong> en el an\u00e1lisis de procesos que involucren componentes microbiol\u00f3gicos, qu\u00edmicos y fisicoqu\u00edmicos.<\/p>\n<p>Apostamos a un <strong>laboratorio cerca de las empresas<\/strong>, prestando un <strong>servicio personalizado <\/strong>y ajustado a las necesidades particulares de nuestros clientes, asegurando en todo momento el compromiso con la <strong>imparcialidad<\/strong> y la <strong>confidencialidad<\/strong> en todas las actividades del laboratorio.<\/p>\n<p>Agregamos valor a nuestra propuesta brindando el <strong>apoyo t\u00e9cnico necesario<\/strong> para lograr satisfacer las necesidades de nuestros clientes y reforzar cada d\u00eda los v\u00ednculos que nos unen.<\/p>\n<p>Apoyados en los <strong>valores de la calidad total<\/strong> buscamos el mejoramiento continuo de cada actividad que en nuestra organizaci\u00f3n se desarrolle, a trav\u00e9s del compromiso con la <strong>buena pr\u00e1ctica profesional<\/strong>, la constante <strong>inter-comparaci\u00f3n<\/strong> de muestras, la <strong>capacitaci\u00f3n permanente<\/strong> del personal involucrado, y la <strong>fluidez en la comunicaci\u00f3n<\/strong> entre todo el personal, logrando que este conozca e implemente las pol\u00edticas y los procesos del laboratorio de acuerdo con el Sistema de Gesti\u00f3n establecido.<\/p>\n<p>Es as\u00ed, que reafirmamos d\u00eda a d\u00eda nuestro fiel compromiso de cumplir tanto con los requisitos establecidos por nuestros clientes, como con los requisitos legales y reglamentarios, incluyendo aquellos vinculados con el cuidado del medio ambiente. Incorporamos a nuestro Sistema de Gesti\u00f3n el cumplimiento con las Norma Internacional UNIT-ISO 17025, desarrollando una <strong>cultura de trabajo con sentido de equipo <\/strong>entendiendo que cada una de las personas involucradas desempe\u00f1a un rol preponderante en el logro de la <strong>mejora continua de la eficacia de nuestro Sistema de Gesti\u00f3n de la Calidad.<\/strong><\/p>\n<h2>VALORES<\/h2>\n<p>El equipo de trabajo de <em>Laboratorio Zeng<\/em> comparte una serie de valores que gu\u00edan el accionar diario y constituyen la base para el establecimiento de objetivos y acciones estrat\u00e9gicas.<\/p>\n<ul>\n<li><strong>Respeto<\/strong> por los derechos y la dignidad de las personas, procurando en todo momento el bienestar f\u00edsico y emocional de las mismas y el mantenimiento de un ambiente de trabajo confortable y libre de conflictos.<\/li>\n<li><strong>Vocaci\u00f3n de servicio<\/strong> y voluntad de ofrecer lo mejor de nosotros mismos a trav\u00e9s de nuestra labor diaria.<\/li>\n<li><strong>\u00c9tica<\/strong> en nuestra gesti\u00f3n operativa y empresarial.<\/li>\n<li><strong>Responsabilidad<\/strong> ante nuestros clientes y la sociedad.<\/li>\n<li><strong>Honestidad y transparencia <\/strong>en todas las actividades desarrolladas.<\/li>\n<\/ul>\n<p>\n<\/div><div class=\"btClear btSeparator topSmallSpaced bottomSmallSpaced border\" ><hr><\/div><\/div><\/div><div class=\"rowItem col-md-4 col-ms-12 btTextCenter animate animate-fadein btTextIndent btHighlight btTopVertical\"  ><div class=\"rowItemContent\" ><div class=\"btClear btSeparator topSmallSpaced noBorder\" ><hr><\/div><div class=\"btText\" ><\/p>\n<h2>VISI\u00d3N<\/h2>\n<p><strong><em>Ser referentes a nivel nacional para la industria alimenticia, en la prestaci\u00f3n de servicios de an\u00e1lisis microbiol\u00f3gicos, qu\u00edmicos y f\u00edsico-qu\u00edmicos.<\/em><\/strong><\/p>\n<p>&nbsp;<\/p>\n<div class=\"boldPhotoSlide\">\n<div class=\"bpbItem\"><img decoding=\"async\" src=\"https:\/\/zeng.com.uy\/new\/wp-content\/uploads\/2017\/02\/zeng_lab3-1-1200x786.jpg\" alt=\"zeng_lab3\"><\/div>\n<div class=\"bpbItem\"><img decoding=\"async\" src=\"https:\/\/zeng.com.uy\/new\/wp-content\/uploads\/2015\/11\/cab095b-1-1-1200x731.jpg\" alt=\"cab095b\"><\/div>\n<div class=\"bpbItem\"><img decoding=\"async\" src=\"https:\/\/zeng.com.uy\/new\/wp-content\/uploads\/2015\/11\/zeng_lab3-1-1200x786.jpg\" alt=\"zeng_lab3\"><\/div>\n<div class=\"bpbItem\"><img decoding=\"async\" src=\"https:\/\/zeng.com.uy\/new\/wp-content\/uploads\/2017\/02\/374036_7816-1.jpg\" alt=\"374036_7816\"><\/div>\n<\/div>\n<p>\n<\/div><div class=\"btClear btSeparator topSmallSpaced noBorder\" ><hr><\/div><a href=\"https:\/\/zeng.com.uy\/new\/index.php\/contacto\/\" class=\"btBtn btBtn btnFilledStyle btnAccentColor btnSmall btnNormalWidth btnRightPosition btnNoIcon\" style=\"margin-bottom: -28px\"><span class=\"btnInnerText\">CONT\u00c1CTENOS<\/span><\/a><\/div><\/div><\/div><\/div><\/div><\/div><\/div><\/section><section id=\"bt_section69fb1ecbad219\"  class=\"boldSection btDarkSkin gutter inherit\" style=\"background-color:#0cb8b6;\"><div class=\"port\"><div class=\"boldCell\"><div class=\"boldCellInner\"><div class=\"boldRow  \" ><div class=\"boldRowInner\"><div class=\"rowItem col-md-12 col-ms-12  btTextLeft animate animate-fadein animate-moveright btMiddleVertical btDoublePadding\"  ><div class=\"rowItemContent\" ><div class=\"btClear btSeparator topSemiSpaced noBorder\" ><hr><\/div><header class=\"header btClear medium  btNormalDash\" ><div class=\"btSuperTitle\">NORMA INTERNACIONAL<\/div><div class=\"dash\"><h3><span class=\"headline\">ISO\/IEC 17025<\/span><\/h3><\/div><\/header><div class=\"btClear btSeparator topSemiSpaced noBorder\" ><hr><\/div><\/div><\/div><\/div><\/div><\/div><\/div><\/div><\/section><section id=\"bt_section69fb1ecbad3fb\"  class=\"boldSection btDarkSkin inherit\" ><div class=\"port\"><div class=\"boldCell\"><div class=\"boldCellInner\"><div class=\"boldRow  \" ><div class=\"boldRowInner\"><div class=\"rowItem col-md-12 col-ms-12  btTextLeft\"  ><div class=\"rowItemContent\" >\r\n\t\t\t<div class=\"btGoogleMapsWrapper \" \"><div id=\"map_canvas69fb1ecbad6f7\" style=\"height:500px;;\" class=\"btGmap\"><\/div><div class=\"btGoogleMapsContent\"><div class=\"btGoogleMapsWrap\"><span class=\"btInfoPaneToggler\"><\/span><div class=\"btClear btSeparator bottomSmallSpaced noBorder\" ><hr><\/div><div class=\"servicesItem  btIcoDefaultColorIcon btIcoMediumSizeIcon  \"><div class=\"sIcon\"><span class=\"btIco btIcoMediumSize btIcoDefaultType btIcoDefaultColor\" ><span  data-ico-s7=\"&#xe638;\" class=\"btIcoHolder\"><em><\/em><\/span><\/span><\/div><div class=\"sTxt\"><header class=\"header btClear small\" ><div class=\"dash\"><h4><span class=\"headline\">Direcci\u00f3n<\/span><\/h4><\/div><\/header><p>Mariano Moreno 2746<br \/><br\/>Montevideo, Uruguay <\/p><\/div><\/div><div class=\"btClear btSeparator bottomSmallSpaced noBorder\" ><hr><\/div><div class=\"servicesItem  btIcoDefaultColorIcon btIcoMediumSizeIcon  \"><div class=\"sIcon\"><span class=\"btIco btIcoMediumSize btIcoDefaultType btIcoDefaultColor\" ><a href=\"https:\/\/zeng.com.uy\/new\/index.php\/contacto\/\"  data-ico-s7=\"&#xe63a;\" class=\"btIcoHolder\"><em><\/em><\/a><\/span><\/div><div class=\"sTxt\"><header class=\"header btClear small\" ><div class=\"dash\"><h4><span class=\"headline\">Email<\/span><\/h4><\/div><\/header><p>zeng@zeng.bayco.com.uy<\/p><\/div><\/div><div class=\"btClear btSeparator bottomSmallSpaced noBorder\" ><hr><\/div><div class=\"servicesItem  btIcoDefaultColorIcon btIcoMediumSizeIcon  \"><div class=\"sIcon\"><span class=\"btIco btIcoMediumSize btIcoDefaultType btIcoDefaultColor\" ><span  data-ico-s7=\"&#xe670;\" class=\"btIcoHolder\"><em><\/em><\/span><\/span><\/div><div class=\"sTxt\"><header class=\"header btClear small\" ><div class=\"dash\"><h4><span class=\"headline\">Tel\u00e9fono<\/span><\/h4><\/div><\/header><p>+(598) 2486 4663<\/p><\/div><\/div><div class=\"btClear btSeparator bottomSmallSpaced noBorder\" ><hr><\/div><div class=\"servicesItem  btIcoDefaultColorIcon btIcoMediumSizeIcon  \"><div class=\"sIcon\"><span class=\"btIco btIcoMediumSize btIcoDefaultType btIcoDefaultColor\" ><span  data-ico-s7=\"&#xe66b;\" class=\"btIcoHolder\"><em><\/em><\/span><\/span><\/div><div class=\"sTxt\"><header class=\"header btClear small\" ><div class=\"dash\"><h4><span class=\"headline\">Horario de Atenci\u00f3n<\/span><\/h4><\/div><\/header><p>Lunes a Viernes 09:00-17:00<br \/><br\/>S\u00e1bados y Domingos &#8211; CERRADO<\/p><\/div><\/div><div class=\"btClear btSeparator bottomSmallSpaced noBorder\" ><hr><\/div><\/div><\/div><\/div>\r\n\t\t\t<script type=\"text\/javascript\">\r\n\t\t\t\tjQuery( document ).ready(function() {\r\n\t\t\t\t\tbt_gmap_init( map_canvas69fb1ecbad6f7, -34.8828339, -56.1566837, 14, \"https:\/\/zeng.com.uy\/new\/wp-content\/uploads\/2015\/11\/icon-green-1.png\", \"\", \"\", \"\", \"W3siZmVhdHVyZVR5cGUiOiJsYW5kc2NhcGUiLCJzdHlsZXJzIjpbeyJodWUiOiIjRkZCQjAwIn0seyJzYXR1cmF0aW9uIjo0My40MDAwMDAwMDAwMDAwMDZ9LHsibGlnaHRuZXNzIjozNy41OTk5OTk5OTk5OTk5OTR9LHsiZ2FtbWEiOjF9XX0seyJmZWF0dXJlVHlwZSI6InJvYWQuaGlnaHdheSIsInN0eWxlcnMiOlt7Imh1ZSI6IiNGRkMyMDAifSx7InNhdHVyYXRpb24iOi02MS44fSx7ImxpZ2h0bmVzcyI6NDUuNTk5OTk5OTk5OTk5OTk0fSx7ImdhbW1hIjoxfV19LHsiZmVhdHVyZVR5cGUiOiJyb2FkLmFydGVyaWFsIiwic3R5bGVycyI6W3siaHVlIjoiI0ZGMDMwMCJ9LHsic2F0dXJhdGlvbiI6LTEwMH0seyJsaWdodG5lc3MiOjUxLjE5OTk5OTk5OTk5OTk5fSx7ImdhbW1hIjoxfV19LHsiZmVhdHVyZVR5cGUiOiJyb2FkLmxvY2FsIiwic3R5bGVycyI6W3siaHVlIjoiI0ZGMDMwMCJ9LHsic2F0dXJhdGlvbiI6LTEwMH0seyJsaWdodG5lc3MiOjUyfSx7ImdhbW1hIjoxfV19LHsiZmVhdHVyZVR5cGUiOiJ3YXRlciIsInN0eWxlcnMiOlt7Imh1ZSI6IiMwMDc4RkYifSx7InNhdHVyYXRpb24iOi0xMy4yMDAwMDAwMDAwMDAwMDN9LHsibGlnaHRuZXNzIjoyLjQwMDAwMDAwMDAwMDAwNTd9LHsiZ2FtbWEiOjF9XX0seyJmZWF0dXJlVHlwZSI6InBvaSIsInN0eWxlcnMiOlt7Imh1ZSI6IiMwMEZGNkEifSx7InNhdHVyYXRpb24iOi0xLjA5ODkwMTA5ODkwMTEyMzR9LHsibGlnaHRuZXNzIjoxMS4yMDAwMDAwMDAwMDAwMTd9LHsiZ2FtbWEiOjF9XX1d\" );\r\n\t\t\t\t\t});\t\r\n\t\t\t<\/script>\r\n\t\t\t<\/div><\/div><\/div><\/div><\/div><\/div><\/div><\/section><\/p>\n","protected":false},"excerpt":{"rendered":"","protected":false},"author":1,"featured_media":0,"parent":0,"menu_order":0,"comment_status":"closed","ping_status":"closed","template":"","meta":{"footnotes":""},"class_list":["post-1262","page","type-page","status-publish","hentry"],"_links":{"self":[{"href":"https:\/\/zeng.com.uy\/new\/index.php\/wp-json\/wp\/v2\/pages\/1262","targetHints":{"allow":["GET"]}}],"collection":[{"href":"https:\/\/zeng.com.uy\/new\/index.php\/wp-json\/wp\/v2\/pages"}],"about":[{"href":"https:\/\/zeng.com.uy\/new\/index.php\/wp-json\/wp\/v2\/types\/page"}],"author":[{"embeddable":true,"href":"https:\/\/zeng.com.uy\/new\/index.php\/wp-json\/wp\/v2\/users\/1"}],"replies":[{"embeddable":true,"href":"https:\/\/zeng.com.uy\/new\/index.php\/wp-json\/wp\/v2\/comments?post=1262"}],"version-history":[{"count":0,"href":"https:\/\/zeng.com.uy\/new\/index.php\/wp-json\/wp\/v2\/pages\/1262\/revisions"}],"wp:attachment":[{"href":"https:\/\/zeng.com.uy\/new\/index.php\/wp-json\/wp\/v2\/media?parent=1262"}],"curies":[{"name":"wp","href":"https:\/\/api.w.org\/{rel}","templated":true}]}}