{"id":1319,"date":"2017-02-02T17:29:02","date_gmt":"2017-02-02T17:29:02","guid":{"rendered":"http:\/\/nuevo.zeng.bayco.com.uy\/?page_id=1319"},"modified":"2025-06-06T16:31:38","modified_gmt":"2025-06-06T16:31:38","slug":"sample-page-2-2-2-2-2","status":"publish","type":"page","link":"https:\/\/zeng.com.uy\/new\/","title":{"rendered":"Inicio"},"content":{"rendered":"<p><section id=\"bt_section69fb1073c9340\"  class=\"boldSection inherit\" ><div class=\"port\"><div class=\"boldCell\"><div class=\"boldCellInner\"><div class=\"boldRow  \" ><div class=\"boldRowInner\"><div class=\"rowItem col-md-12 col-ms-12  btTextLeft\"  ><div class=\"rowItemContent\" ><div class=\"slided autoSliderHeight btSliderHidePaging\"  data-slick='{ \"lazyLoad\": \"progressive\", \"cssEase\": \"ease-out\", \"speed\": \"600\", \"autoplay\": true, \"autoplaySpeed\": 5000, \"dots\": true}' data-simple_arrows=\"no\"><div class=\"slidedItem firstItem\"  data-thumb=\"https:\/\/zeng.com.uy\/new\/wp-content\/uploads\/2024\/04\/zeng_lab2024f-320x210.jpg\"><div class=\"btSliderPort wBackground cover\" style=\"background-image: url('https:\/\/zeng.com.uy\/new\/wp-content\/uploads\/2024\/04\/zeng_lab2024f.jpg')\"><div class=\"btSliderCell\" data-slick=\"yes\"><div class=\"btSlideGutter\"><div class=\"btSlidePane\"><div class=\"boldRow boldInnerRow  \" ><div class=\"rowItem rowInnerItem col-md-6  btTextLeft\"  ><div class=\"rowItemContent\"><\/div><\/div><div class=\"rowItem rowInnerItem col-md-6  btTextLeft\"  ><div class=\"rowItemContent\"><div class=\"btClear btSeparator topExtraSpaced noBorder\" ><hr><\/div><header class=\"header btClear extralarge  btNormalDash\" ><div class=\"dash\"><h1><span class=\"headline\">LABORATORIO<b class=\"animate\">MICROBIOL\u00d3GICO<\/b> <\/span><\/h1><\/div><div class=\"btSubTitle\">Seriedad, servicio personalizado, capacitaci\u00f3n y la b\u00fasqueda permanente de la excelencia es lo que ha caracterizado a esta organizaci\u00f3n desde sus comienzos, lo que nos ha llevado a obtener la Acreditaci\u00f3n ISO\/IEC 17025.<\/div><\/header><div class=\"btClear btSeparator topSmallSpaced noBorder\" ><hr><\/div><div class=\"btClear btSeparator topSpaced noBorder\" ><hr><\/div><div class=\"btClear btSeparator topSmallSpaced noBorder\" ><hr><\/div><div class=\"btIconImageRow\" ><\/div><\/div><\/div><\/div><\/div><\/div><\/div><\/div><\/div><div class=\"slidedItem firstItem\"  data-thumb=\"https:\/\/zeng.com.uy\/new\/wp-content\/uploads\/2023\/08\/bg2_Mesa-de-trabajo-1-copia-8-320x183.jpg\"><div class=\"btSliderPort wBackground cover\" style=\"background-image: url('https:\/\/zeng.com.uy\/new\/wp-content\/uploads\/2023\/08\/bg2_Mesa-de-trabajo-1-copia-8.jpg')\"><div class=\"btSliderCell\" data-slick=\"yes\"><div class=\"btSlideGutter\"><div class=\"btSlidePane\"><div class=\"boldRow boldInnerRow  \" ><div class=\"rowItem rowInnerItem col-md-7  btTextLeft\"  ><div class=\"rowItemContent\"><div class=\"btClear btSeparator topExtraSpaced noBorder\" ><hr><\/div><header class=\"header btClear large  btNormalDash\" ><div class=\"dash\"><h2><span class=\"headline\">\u00bfQuieres conocer el estado del <b class=\"animate\"> agua en tu hogar?<\/b><\/span><\/h2><\/div><div class=\"btSubTitle\">Sabemos lo importante que es tener acceso a agua limpia y segura en tu hogar, y es por eso que realizamos un examen exhaustivo para garantizar su calidad.<br \/><br>Agenda tu an\u00e1lisis del agua con nosotros.<\/div><\/header><div class=\"btClear btSeparator topSmallSpaced noBorder\" ><hr><\/div><div class=\"btClear btSeparator topSemiSpaced noBorder\" ><hr><\/div><\/div><\/div><div class=\"rowItem rowInnerItem col-md-5  btTextLeft\"  ><div class=\"rowItemContent\"><\/div><\/div><\/div><\/div><\/div><\/div><\/div><\/div><div class=\"slidedItem firstItem\"  data-thumb=\"https:\/\/zeng.com.uy\/new\/wp-content\/uploads\/2015\/11\/cab095b-1-1-320x195.jpg\"><div class=\"btSliderPort wBackground cover\" style=\"background-image: url('https:\/\/zeng.com.uy\/new\/wp-content\/uploads\/2015\/11\/cab095b-1-1.jpg')\"><div class=\"btSliderCell\" data-slick=\"yes\"><div class=\"btSlideGutter\"><div class=\"btSlidePane\"><div class=\"boldRow boldInnerRow  \" ><div class=\"rowItem rowInnerItem col-md-7  btTextLeft\"  ><div class=\"rowItemContent\"><div class=\"btClear btSeparator topExtraSpaced noBorder\" ><hr><\/div><header class=\"header btClear extralarge  btNormalDash\" ><div class=\"dash\"><h1><span class=\"headline\">Expertos en la<b class=\"animate\">INDUSTRIA ALIMENTICIA<\/b><\/span><\/h1><\/div><\/header><div class=\"btClear btSeparator topSmallSpaced noBorder\" ><hr><\/div><div class=\"btIconImageRow btIconsNormalPosition\" ><div class=\"servicesItem  btIcoAccentColorIcon btIcoMediumSizeIcon  \"><div class=\"sIcon\"><span class=\"btIco btIcoMediumSize btIcoFilledType btIcoAccentColor\" ><a href=\"https:\/\/zeng.com.uy\/new\/index.php\/acreditaciones\/\"  data-ico-fa=\"&#xf2bc;\" class=\"btIcoHolder\"><em><\/em><\/a><\/span><\/div><div class=\"sTxt\"><header class=\"header btClear small\" ><div class=\"dash\"><h4><span class=\"headline\">ACREDITACIONES<\/span><\/h4><\/div><\/header><p>Respaldan nuestros servicios<\/p><\/div><\/div><div class=\"servicesItem  btIcoAccentColorIcon btIcoMediumSizeIcon  \"><div class=\"sIcon\"><span class=\"btIco btIcoMediumSize btIcoFilledType btIcoAccentColor\" ><a href=\"https:\/\/zeng.com.uy\/new\/index.php\/documentos\/\"  data-ico-fa=\"&#xf298;\" class=\"btIcoHolder\"><em><\/em><\/a><\/span><\/div><div class=\"sTxt\"><header class=\"header btClear small\" ><div class=\"dash\"><h4><span class=\"headline\">CERTIFICACIONES y HABILITACIONES<\/span><\/h4><\/div><\/header><p>Confirman nuestra calidad<\/p><\/div><\/div><\/div><div class=\"btClear btSeparator topSpaced noBorder\" ><hr><\/div><div class=\"btClear btSeparator topSemiSpaced noBorder\" ><hr><\/div><\/div><\/div><div class=\"rowItem rowInnerItem col-md-5  btTextLeft\"  ><div class=\"rowItemContent\"><\/div><\/div><\/div><\/div><\/div><\/div><\/div><\/div><\/div><\/div><\/div><\/div><\/div><\/div><\/div><\/div><\/section><section id=\"bt_section69fb1073ca9b4\"  class=\"boldSection bottomSpaced gutter inherit\" style=\"margin-top: -20px;\"><div class=\"port\"><div class=\"boldCell\"><div class=\"boldCellInner\"><div class=\"boldRow btDarkSkin \" style=\"background-color: transparent;\"><div class=\"boldRowInner\"><div class=\"rowItem col-md-3 col-sm-6 col-ms-12 btTextLeft animate animate-fadein btTopVertical btDoublePadding\" style=\"background-color: rgba(18, 197, 195, 1);\" ><div class=\"rowItemContent\" ><div class=\"btClear btSeparator topSemiSpaced noBorder\" ><hr><\/div><header class=\"header btClear large  btNormalDash\" ><div class=\"btSubTitle\">Profesionales<\/div><\/header><div class=\"btText\" ><\/p>\n<p>Contamos con un equipo de profesionales altamente calificado.<\/p>\n<p>\n<\/div><div class=\"btClear btSeparator topSmallSpaced noBorder\" ><hr><\/div><a href=\"https:\/\/zeng.com.uy\/new\/index.php\/staff\/\" class=\"btBtn btBtn btnOutlineStyle btnLightColor btnSmall btnNormalWidth btnRightPosition btnNoIcon\" ><span class=\"btnInnerText\">M\u00c1S INFORMACI\u00d3N<\/span><\/a><div class=\"btClear btSeparator topSemiSpaced noBorder\" ><hr><\/div><\/div><\/div><div class=\"rowItem col-md-3 col-sm-6 col-ms-12 btTextLeft animate animate-fadein inherit btDoublePadding\" style=\"background-color: rgba(12, 184, 182, 1);\" ><div class=\"rowItemContent\" ><div class=\"btClear btSeparator topSemiSpaced noBorder\" ><hr><\/div><header class=\"header btClear large  btNormalDash\" ><div class=\"btSubTitle\">Pol\u00edtica de Calidad<\/div><\/header><div class=\"btText\" ><\/p>\n<p>Buscamos el mejoramiento de cada actividad que en nuestra organizaci\u00f3n se desarrolle.<\/p>\n<p>\n<\/div><div class=\"btClear btSeparator topSmallSpaced noBorder\" ><hr><\/div><a href=\"https:\/\/zeng.com.uy\/new\/index.php\/calidad\/\" class=\"btBtn btBtn btnOutlineStyle btnLightColor btnSmall btnNormalWidth btnRightPosition btnNoIcon\" ><span class=\"btnInnerText\">M\u00c1S INFORMACI\u00d3N<\/span><\/a><div class=\"btClear btSeparator topSemiSpaced noBorder\" ><hr><\/div><\/div><\/div><div class=\"rowItem col-md-3 col-sm-6 col-ms-12 btTextLeft animate animate-fadein inherit btDoublePadding\" style=\"background-color: rgba(9, 171, 169, 1);\" ><div class=\"rowItemContent\" ><div class=\"btClear btSeparator topSemiSpaced noBorder\" ><hr><\/div><header class=\"header btClear large  btNormalDash\" ><div class=\"btSubTitle\">Clientes<\/div><\/header><div class=\"btText\" ><\/p>\n<p>\u00c1reas en las que nuestro laboratorio ha realizado diferentes consultor\u00edas<\/p>\n<p>\n<\/div><div class=\"btClear btSeparator topSmallSpaced noBorder\" ><hr><\/div><a href=\"https:\/\/zeng.com.uy\/new\/index.php\/clientes\/\" class=\"btBtn btBtn btnOutlineStyle btnLightColor btnSmall btnNormalWidth btnRightPosition btnNoIcon\" ><span class=\"btnInnerText\">M\u00c1S INFORMACI\u00d3N<\/span><\/a><div class=\"btClear btSeparator topSemiSpaced noBorder\" ><hr><\/div><\/div><\/div><div class=\"rowItem col-md-3 col-sm-6 col-ms-12 btTextLeft animate animate-fadein inherit btDoublePadding\" style=\"background-color: rgba(2, 157, 155, 1);\" ><div class=\"rowItemContent\" ><div class=\"btClear btSeparator topSemiSpaced noBorder\" ><hr><\/div><header class=\"header btClear large  btNormalDash\" ><div class=\"btSubTitle\">Servicios<\/div><\/header><div class=\"btText\" ><\/p>\n<p>Conozca nuestros servicios.<\/p>\n<p>\n<\/div><div class=\"btClear btSeparator topSmallSpaced noBorder\" ><hr><\/div><a href=\"https:\/\/zeng.com.uy\/new\/index.php\/servicios\/\" class=\"btBtn btBtn btnOutlineStyle btnLightColor btnSmall btnNormalWidth btnRightPosition btnNoIcon\" ><span class=\"btnInnerText\">M\u00c1S INFORMACI\u00d3N<\/span><\/a><div class=\"btClear btSeparator topSemiSpaced noBorder\" ><hr><\/div><\/div><\/div><\/div><\/div><\/div><\/div><\/div><\/section><section id=\"bt_section69fb1073cb5b8\"  class=\"boldSection topSpaced bottomSpaced gutter inherit\" style=\"margin-top: -20px;\"><div class=\"port\"><div class=\"boldCell\"><div class=\"boldCellInner\"><div class=\"boldRow  \" style=\"margin-top: -20px;\"><div class=\"boldRowInner\"><div class=\"rowItem col-md-12 col-ms-12  btTextCenter animate animate-fadein animate-moveup inherit\"  ><div class=\"rowItemContent\" ><header class=\"header btClear large btDash bottomDash  btAccentDash\" ><div class=\"dash\"><h2><span class=\"headline\">NOVEDADES Y ART\u00cdCULOS<\/span><\/h2><\/div><div class=\"btSubTitle\">En esta secci\u00f3n visite nuestras novedades y art\u00edculos de inter\u00e9s.<\/div><\/header><div class=\"btClear btSeparator bottomSemiSpaced noBorder\" ><hr><\/div><\/div><\/div><\/div><\/div><div class=\"boldRow  \" ><div class=\"boldRowInner\"><div class=\"rowItem col-md-12 col-ms-12  btTextLeft animate animate-fadein inherit\"  ><div class=\"rowItemContent\" ><div class=\"btLatestPostsContainer  horizontalPosts \" >\r\n\t\t\t\t<div class=\"btSingleLatestPost col-sm-4 col-ms-12  inherit\"><div class=\"btSingleLatestPostImage btTextCenter\"><div class=\"bpgPhoto \" > \r\n\t\t\t\t\t<a href=\"https:\/\/zeng.com.uy\/new\/index.php\/2025\/12\/22\/jornada-de-ciencia-y-tecnologia-de-carnes-y-alimentos\/\" target=\"_self\" title=\"\"><\/a>\r\n\t\t\t\t\t<div class=\"boldPhotoBox\"><div class=\"bpbItem\"><div class = \"btImage\"><img decoding=\"async\" src=\"https:\/\/zeng.com.uy\/new\/wp-content\/uploads\/2025\/12\/JORNADA_DE_CIENCIA_Y_TECNOLOGIA_DE_CARNES_Y_ALIMENTOSa-411x480.png\" alt=\"\" title=\"\" ><\/div><\/div><\/div>\r\n\t\t\t\t\t<div class=\"captionPane\">\r\n\t\t\t\t\t\t<div class=\"captionTable\">\r\n\t\t\t\t\t\t\t<div class=\"captionCell\">\r\n\t\t\t\t\t\t\t\t<div class=\"captionTxt\"><\/div>\r\n\t\t\t\t\t\t\t<\/div>\r\n\t\t\t\t\t\t<\/div>\r\n\t\t\t\t\t<\/div><\/div><\/div><span class=\"btIco btIcoMediumSize btIcoFilledType btIcoAccentColor\" ><a href=\"https:\/\/zeng.com.uy\/new\/index.php\/2025\/12\/22\/jornada-de-ciencia-y-tecnologia-de-carnes-y-alimentos\/\"  data-ico-cs=\"&#xe9f9;\" class=\"btIcoHolder\"><em><\/em><\/a><\/span><div class = \"btSingleLatestPostContent\"><div class=\"btSLPCCwrap\">\r\n\t\t\t\t\t\t\r\n\t\t\t\t\t\t<header class=\"header btClear medium btAlternateDash\" ><div class=\"btSuperTitle\"><span class=\"btArticleDate\">diciembre 22, 2025<\/span><\/div><div class=\"dash\"><h3><span class=\"headline\"><a href=\"https:\/\/zeng.com.uy\/new\/index.php\/2025\/12\/22\/jornada-de-ciencia-y-tecnologia-de-carnes-y-alimentos\/\" target=\"_self\">JORNADA de CIENCIA y TECNOLOGIA de CARNES y ALIMENTOS<\/a><\/span><\/h3><\/div><\/header>\r\n\t\t\t\t<p class=\"btLatestPostContent\"><\/p><\/div><\/div><\/div>\r\n\t\t\t\t<div class=\"btSingleLatestPost col-sm-4 col-ms-12  inherit\"><div class=\"btSingleLatestPostImage btTextCenter\"><div class=\"bpgPhoto \" > \r\n\t\t\t\t\t<a href=\"https:\/\/zeng.com.uy\/new\/index.php\/2025\/09\/19\/ensayo-de-rendimiento-de-medios-de-cultivo\/\" target=\"_self\" title=\"\"><\/a>\r\n\t\t\t\t\t<div class=\"boldPhotoBox\"><div class=\"bpbItem\"><div class = \"btImage\"><img decoding=\"async\" src=\"https:\/\/zeng.com.uy\/new\/wp-content\/uploads\/2025\/09\/1-EnsayoRendMedioCultivo-640x480.jpg\" alt=\"\" title=\"\" ><\/div><\/div><\/div>\r\n\t\t\t\t\t<div class=\"captionPane\">\r\n\t\t\t\t\t\t<div class=\"captionTable\">\r\n\t\t\t\t\t\t\t<div class=\"captionCell\">\r\n\t\t\t\t\t\t\t\t<div class=\"captionTxt\"><\/div>\r\n\t\t\t\t\t\t\t<\/div>\r\n\t\t\t\t\t\t<\/div>\r\n\t\t\t\t\t<\/div><\/div><\/div><span class=\"btIco btIcoMediumSize btIcoFilledType btIcoAccentColor\" ><a href=\"https:\/\/zeng.com.uy\/new\/index.php\/2025\/09\/19\/ensayo-de-rendimiento-de-medios-de-cultivo\/\"  data-ico-cs=\"&#xe9f9;\" class=\"btIcoHolder\"><em><\/em><\/a><\/span><div class = \"btSingleLatestPostContent\"><div class=\"btSLPCCwrap\">\r\n\t\t\t\t\t\t\r\n\t\t\t\t\t\t<header class=\"header btClear medium btAlternateDash\" ><div class=\"btSuperTitle\"><span class=\"btArticleDate\">septiembre 19, 2025<\/span><\/div><div class=\"dash\"><h3><span class=\"headline\"><a href=\"https:\/\/zeng.com.uy\/new\/index.php\/2025\/09\/19\/ensayo-de-rendimiento-de-medios-de-cultivo\/\" target=\"_self\">Ensayo de Rendimiento de Medios de Cultivo<\/a><\/span><\/h3><\/div><\/header>\r\n\t\t\t\t<p class=\"btLatestPostContent\"><\/p><\/div><\/div><\/div>\r\n\t\t\t\t<div class=\"btSingleLatestPost col-sm-4 col-ms-12  inherit\"><div class=\"btSingleLatestPostImage btTextCenter\"><div class=\"bpgPhoto \" > \r\n\t\t\t\t\t<a href=\"https:\/\/zeng.com.uy\/new\/index.php\/2023\/12\/13\/certificado-interlaboratorio-agua-2023\/\" target=\"_self\" title=\"\"><\/a>\r\n\t\t\t\t\t<div class=\"boldPhotoBox\"><div class=\"bpbItem\"><div class = \"btImage\"><img decoding=\"async\" src=\"https:\/\/zeng.com.uy\/new\/wp-content\/uploads\/2023\/12\/CERTIFICADO-INTERLABORATORIO-AGUA-2023-640x480.jpg\" alt=\"\" title=\"\" ><\/div><\/div><\/div>\r\n\t\t\t\t\t<div class=\"captionPane\">\r\n\t\t\t\t\t\t<div class=\"captionTable\">\r\n\t\t\t\t\t\t\t<div class=\"captionCell\">\r\n\t\t\t\t\t\t\t\t<div class=\"captionTxt\"><\/div>\r\n\t\t\t\t\t\t\t<\/div>\r\n\t\t\t\t\t\t<\/div>\r\n\t\t\t\t\t<\/div><\/div><\/div><span class=\"btIco btIcoMediumSize btIcoFilledType btIcoAccentColor\" ><a href=\"https:\/\/zeng.com.uy\/new\/index.php\/2023\/12\/13\/certificado-interlaboratorio-agua-2023\/\"  data-ico-cs=\"&#xe9f9;\" class=\"btIcoHolder\"><em><\/em><\/a><\/span><div class = \"btSingleLatestPostContent\"><div class=\"btSLPCCwrap\">\r\n\t\t\t\t\t\t\r\n\t\t\t\t\t\t<header class=\"header btClear medium btAlternateDash\" ><div class=\"btSuperTitle\"><span class=\"btArticleDate\">diciembre 13, 2023<\/span><\/div><div class=\"dash\"><h3><span class=\"headline\"><a href=\"https:\/\/zeng.com.uy\/new\/index.php\/2023\/12\/13\/certificado-interlaboratorio-agua-2023\/\" target=\"_self\">Certificado Interlaboratorio Agua 2023<\/a><\/span><\/h3><\/div><\/header>\r\n\t\t\t\t<p class=\"btLatestPostContent\"><\/p><\/div><\/div><\/div><\/div><\/div><\/div><\/div><\/div><\/div><\/div><\/div><\/section><section id=\"bt_section69fb1073cec2f\"  class=\"boldSection inherit\" ><div class=\"port\"><div class=\"boldCell\"><div class=\"boldCellInner\"><\/div><\/div><\/div><\/section><section id=\"bt_section69fb1073ceca5\"  class=\"boldSection btDarkSkin inherit\" ><div class=\"port\"><div class=\"boldCell\"><div class=\"boldCellInner\"><div class=\"boldRow  \" ><div class=\"boldRowInner\"><div class=\"rowItem col-md-12 col-ms-12  btTextLeft\"  ><div class=\"rowItemContent\" >\r\n\t\t\t<div class=\"btGoogleMapsWrapper \" \"><div id=\"map_canvas69fb1073cefd9\" style=\"height:500px;;\" class=\"btGmap\"><\/div><div class=\"btGoogleMapsContent\"><div class=\"btGoogleMapsWrap\"><span class=\"btInfoPaneToggler\"><\/span><div class=\"btClear btSeparator bottomSemiSpaced noBorder\" ><hr><\/div><header class=\"header btClear medium  btNormalDash\" ><div class=\"dash\"><h3><span class=\"headline\">HORARIOS<\/span><\/h3><\/div><\/header><div class=\"btClear btSeparator topExtraSmallSpaced noBorder\" ><hr><\/div><div class=\"btWorkingHours  \" ><div class=\"btWorkingHoursInner\"><div class=\"btWorkingHoursInnerRow\"><div class=\"btWorkingHoursInnerTitle\">Lunes a Viernes 09:00 a 17:00 hs.<br \/><\/div><\/div><div class=\"btWorkingHoursInnerRow\"><div class=\"btWorkingHoursInnerTitle\">S\u00e1bados y Domingos \u2013 CERRADO<\/div><\/div><\/div><\/div><div class=\"btClear btSeparator topSemiSpaced noBorder\" ><hr><\/div><header class=\"header btClear medium  btNormalDash\" ><div class=\"dash\"><h3><span class=\"headline\">CONTACTO<\/span><\/h3><\/div><\/header><div class=\"btClear btSeparator topExtraSmallSpaced noBorder\" ><hr><\/div><div class=\"btIconImageRow btIconsNormalPosition\" ><span class=\"btIco btIcoDefaultType btIcoSmallSize btIcoDefaultColor   \" ><a href=\"tel:+59824864663\"  target = \"no_target\" data-ico-fa=\"&#xf095;\" class=\"btIcoHolder\"><em><\/em><span class=\"btIcoText\">+(598) 2486 4663<\/span><\/a><\/span><\/div><div class=\"btClear btSeparator topExtraSmallSpaced bottomExtraSmallSpaced noBorder\" ><hr><\/div><div class=\"btIconImageRow btIconsNormalPosition\" ><span class=\"btIco btIcoDefaultType btIcoSmallSize btIcoDefaultColor   \" ><a href=\"https:\/\/zeng.com.uy\/new\/index.php\/contacto\/\"  target = \"no_target\" data-ico-fa=\"&#xf003;\" class=\"btIcoHolder\"><em><\/em><span class=\"btIcoText\">zeng@zeng.com.uy<\/span><\/a><\/span><\/div><div class=\"btClear btSeparator topExtraSmallSpaced bottomExtraSmallSpaced noBorder\" ><hr><\/div><div class=\"btClear btSeparator topSemiSpaced noBorder\" ><hr><\/div><\/div><\/div><\/div>\r\n\t\t\t<script type=\"text\/javascript\">\r\n\t\t\t\tjQuery( document ).ready(function() {\r\n\t\t\t\t\tbt_gmap_init( map_canvas69fb1073cefd9, -34.8828339, -56.1566837, 14, \"https:\/\/zeng.com.uy\/new\/wp-content\/uploads\/2015\/11\/icon-green-1.png\", \"\", \"\", \"\", \"W3siZmVhdHVyZVR5cGUiOiJsYW5kc2NhcGUiLCJzdHlsZXJzIjpbeyJodWUiOiIjRkZCQjAwIn0seyJzYXR1cmF0aW9uIjo0My40MDAwMDAwMDAwMDAwMDZ9LHsibGlnaHRuZXNzIjozNy41OTk5OTk5OTk5OTk5OTR9LHsiZ2FtbWEiOjF9XX0seyJmZWF0dXJlVHlwZSI6InJvYWQuaGlnaHdheSIsInN0eWxlcnMiOlt7Imh1ZSI6IiNGRkMyMDAifSx7InNhdHVyYXRpb24iOi02MS44fSx7ImxpZ2h0bmVzcyI6NDUuNTk5OTk5OTk5OTk5OTk0fSx7ImdhbW1hIjoxfV19LHsiZmVhdHVyZVR5cGUiOiJyb2FkLmFydGVyaWFsIiwic3R5bGVycyI6W3siaHVlIjoiI0ZGMDMwMCJ9LHsic2F0dXJhdGlvbiI6LTEwMH0seyJsaWdodG5lc3MiOjUxLjE5OTk5OTk5OTk5OTk5fSx7ImdhbW1hIjoxfV19LHsiZmVhdHVyZVR5cGUiOiJyb2FkLmxvY2FsIiwic3R5bGVycyI6W3siaHVlIjoiI0ZGMDMwMCJ9LHsic2F0dXJhdGlvbiI6LTEwMH0seyJsaWdodG5lc3MiOjUyfSx7ImdhbW1hIjoxfV19LHsiZmVhdHVyZVR5cGUiOiJ3YXRlciIsInN0eWxlcnMiOlt7Imh1ZSI6IiMwMDc4RkYifSx7InNhdHVyYXRpb24iOi0xMy4yMDAwMDAwMDAwMDAwMDN9LHsibGlnaHRuZXNzIjoyLjQwMDAwMDAwMDAwMDAwNTd9LHsiZ2FtbWEiOjF9XX0seyJmZWF0dXJlVHlwZSI6InBvaSIsInN0eWxlcnMiOlt7Imh1ZSI6IiMwMEZGNkEifSx7InNhdHVyYXRpb24iOi0xLjA5ODkwMTA5ODkwMTEyMzR9LHsibGlnaHRuZXNzIjoxMS4yMDAwMDAwMDAwMDAwMTd9LHsiZ2FtbWEiOjF9XX1d\" );\r\n\t\t\t\t\t});\t\r\n\t\t\t<\/script>\r\n\t\t\t<\/div><\/div><\/div><\/div><\/div><\/div><\/div><\/section><\/p>\n","protected":false},"excerpt":{"rendered":"","protected":false},"author":1,"featured_media":0,"parent":0,"menu_order":0,"comment_status":"closed","ping_status":"closed","template":"","meta":{"footnotes":""},"class_list":["post-1319","page","type-page","status-publish","hentry"],"_links":{"self":[{"href":"https:\/\/zeng.com.uy\/new\/index.php\/wp-json\/wp\/v2\/pages\/1319","targetHints":{"allow":["GET"]}}],"collection":[{"href":"https:\/\/zeng.com.uy\/new\/index.php\/wp-json\/wp\/v2\/pages"}],"about":[{"href":"https:\/\/zeng.com.uy\/new\/index.php\/wp-json\/wp\/v2\/types\/page"}],"author":[{"embeddable":true,"href":"https:\/\/zeng.com.uy\/new\/index.php\/wp-json\/wp\/v2\/users\/1"}],"replies":[{"embeddable":true,"href":"https:\/\/zeng.com.uy\/new\/index.php\/wp-json\/wp\/v2\/comments?post=1319"}],"version-history":[{"count":8,"href":"https:\/\/zeng.com.uy\/new\/index.php\/wp-json\/wp\/v2\/pages\/1319\/revisions"}],"predecessor-version":[{"id":9703,"href":"https:\/\/zeng.com.uy\/new\/index.php\/wp-json\/wp\/v2\/pages\/1319\/revisions\/9703"}],"wp:attachment":[{"href":"https:\/\/zeng.com.uy\/new\/index.php\/wp-json\/wp\/v2\/media?parent=1319"}],"curies":[{"name":"wp","href":"https:\/\/api.w.org\/{rel}","templated":true}]}}